61520.
2, 3, 5, 7, 27239
List the prime factors of 71386662.
2, 3, 11897777
List the prime factors of 17904285.
3, 5, 7, 113, 503
What are the prime factors of 515441153?
515441153
List the prime factors of 84364953.
3, 47, 598333
What are the prime factors of 465003679?
7, 37, 256483
What are the prime factors of 86390168?
2, 139, 77689
What are the prime factors of 463499804?
2, 115874951
List the prime factors of 4253615935.
5, 67, 283, 44867
List the prime factors of 325954104.
2, 3, 7, 43, 45121
List the prime factors of 446202778.
2, 7, 31, 1028117
List the prime factors of 122848119.
3, 43, 317437
List the prime factors of 331442729.
41, 167, 48407
List the prime factors of 58837727.
13, 139, 32561
What are the prime factors of 1114611460?
2, 5, 17, 3278269
What are the prime factors of 2604673?
59, 131, 337
List the prime factors of 329263375.
5, 7, 127, 2963
List the prime factors of 4182270599.
13, 12539, 25657
List the prime factors of 1359805426.
2, 7, 37, 41, 43, 1489
What are the prime factors of 130573893?
3, 769, 56599
List the prime factors of 27202773.
3, 13, 697507
What are the prime factors of 175677472?
2, 5489921
What are the prime factors of 90572235?
3, 5, 13, 31, 14983
List the prime factors of 226226404.
2, 353, 160217
List the prime factors of 4616028151.
7, 71, 83, 317, 353
List the prime factors of 524281765.
5, 7, 31, 483209
What are the prime factors of 71518393?
227, 315059
What are the prime factors of 305454089?
19, 2663, 6037
List the prime factors of 78644405.
5, 7, 89, 25247
List the prime factors of 1078707615.
3, 5, 19, 71, 53309
What are the prime factors of 34937222?
2, 149, 117239
List the prime factors of 753237718.
2, 23, 67, 244399
What are the prime factors of 6858130685?
5, 7, 23, 29, 293773
What are the prime factors of 8969605251?
3, 23, 127, 1023577
What are the prime factors of 3532339772?
2, 13, 113, 601147
List the prime factors of 5719181.
13, 163, 2699
List the prime factors of 1069351014.
2, 3, 31, 1117, 5147
List the prime factors of 2997084961.
13, 6967, 33091
List the prime factors of 615052797.
3, 205017599
List the prime factors of 2097405.
3, 5, 127, 367
What are the prime factors of 947905347?
3, 67, 4715947
What are the prime factors of 44597497?
7, 173, 5261
List the prime factors of 549213348.
2, 3, 37, 53, 23339
What are the prime factors of 646056871?
14827, 43573
What are the prime factors of 2329729810?
2, 5, 17, 13704293
What are the prime factors of 3221077428?
2, 3, 61, 79, 2063
What are the prime factors of 38185342?
2, 13, 1468667
List the prime factors of 107397504.
2, 3, 53, 1759
List the prime factors of 163399.
53, 3083
What are the prime factors of 530493875?
5, 41, 103511
List the prime factors of 1732045277.
16111, 107507
What are the prime factors of 349372063?
349372063
What are the prime factors of 380780321?
2389, 159389
List the prime factors of 641403860.
2, 5, 137, 234089
What are the prime factors of 584101504?
2, 7, 17, 31, 1237
List the prime factors of 63663010.
2, 5, 431, 14771
List the prime factors of 5221898163.
3, 431, 433, 3109
What are the prime factors of 3798237458?
2, 41, 46319969
List the prime factors of 828423669.
3, 71, 3889313
What are the prime factors of 108224998?
2, 7, 59, 131023
What are the prime factors of 194162609?
197, 985597
List the prime factors of 368043365.
5, 1153, 63841
What are the prime factors of 16133407?
16133407
What are the prime factors of 1636436841?
3, 13, 167, 251257
List the prime factors of 53492173.
7, 59, 18503
What are the prime factors of 2787087857?
2787087857
List the prime factors of 77695485.
3, 5, 7, 739957
List the prime factors of 67663854.
2, 3, 43, 87421
List the prime factors of 26187904.
2, 109, 1877
List the prime factors of 128478884.
2, 32119721
What are the prime factors of 112511527?
53, 2122859
What are the prime factors of 2625895779?
3, 13, 19, 587, 6037
What are the prime factors of 611518067?
17, 59, 239, 2551
List the prime factors of 369170031.
3, 211, 583207
What are the prime factors of 44349422?
2, 13, 1705747
What are the prime factors of 425832874?
2, 631, 337427
What are the prime factors of 46144689?
3, 197, 78079
List the prime factors of 494233884.
2, 3, 2657, 5167
What are the prime factors of 3513726619?
13, 983, 274961
List the prime factors of 14892663.
3, 17, 43, 6791
What are the prime factors of 68353632?
2, 3, 26371
List the prime factors of 472329738.
2, 3, 8746847
List the prime factors of 7761939.
3, 359, 7207
What are the prime factors of 145318084?
2, 36329521
List the prime factors of 86133016.
2, 17, 29, 21839
List the prime factors of 1628542612.
2, 43, 9468271
List the prime factors of 35929484.
2, 8982371
List the prime factors of 2403870756.
2, 3, 7, 53, 67, 8059
List the prime factors of 333653972.
2, 79, 1055867
What are the prime factors of 41844128?
2, 199, 6571
What are the prime factors of 642481521?
3, 11, 41, 474857
List the prime factors of 330788747.
330788747
What are the prime factors of 1934945430?
2, 3, 5, 11, 503, 11657
List the prime factors of 879670758.
2, 3, 1723, 85091
What are the prime factors of 1530700948?
2, 7, 311, 175781
List the prime factors of 292226269.
292226269
List the prime factors of 158161710.
2, 3, 5, 7, 17, 6329
List the prime factors of 2402249541.
3, 800749847
List the prime factors of 36246820.
2, 5, 1812341
List the prime factors of 105726698.
2, 7, 11, 167, 4111
List the prime factors of 382184943.
3, 7, 19, 157, 6101
List the prime factors of 250934959.
11, 22812269
List the prime factors of 243099511.
43, 79, 71563
What are the prime factors of 18667692?
2, 3, 172849
List the prime factors of 6063658447.
7, 11, 17, 1031, 4493
What are the prime factors of 524648250?
2, 3, 5, 7, 33311
What are the prime factors of 330242250?
2, 3, 5, 13, 33871
List the prime factors of 186359358.
2, 3, 31059893
What are the prime factors of 3028194405?
3, 5, 67293209
List the prime factors of 112159392.
2, 3, 1168327
List the prime factors of 1812341603.
23, 83, 193, 4919
What are the prime factors of 94004959?
283, 353, 941
List the prime factors of 710308219.
269, 2640551
What are the prime factors of 256566312?
2, 3, 17, 107, 653
What are the prime factors of 2867990?
2, 5, 59, 4861
What are the prime factors of 1588952351?
7, 3779, 8581
What are the prime factors of 134282853?
3, 509, 3257
List the prime factors of 252232993.
9941, 25373
List the prime factors of 34058171.
7, 53, 91801
List the prime factors of 54398900.
2, 5, 19, 28631
List the prime factors of 99058715.
5, 7, 2830249
List the prime factors of 256427687.
3557, 72091
What are the prime factors of 66209323?
47, 1408709
List the prime factors of 169847702.
2, 257, 491, 673
List the prime factors of 22967299.
101, 227399
List the prime factors of 22804428.
2, 3, 1900369
List the prime factors of 113608960.
2, 5, 17, 23, 227
List the prime factors of 22491297.
3, 67, 12433
What are the prime factors of 206763299?
17, 109, 241, 463
What are the prime factors of 50694539?
7, 7242077
List the prime factors of 120103825.
5, 503, 9551
What are the prime factors of 5728125694?
2, 2707, 1058021
What are the prime factors of 357234894?
2, 3, 151, 193, 227
What are the prime factors of 2118137876?
2, 529534469
What are the prime factors of 69751634?
2, 2579, 13523
List the prime factors of 2784110566.
2, 241, 5776163
What are the prime factors of 96422667?
3, 11, 2921899
What are the prime factors of 8633404?
2, 13, 166027
What are the prime factors of 198528049?
198528049
List the prime factors of 1147825153.
97, 11833249
List the prime factors of 229539988.
2, 19, 29, 104147
What are the prime factors of 60260665?
5, 17, 103, 6883
What are the prime factors of 606737052?
2, 3, 43, 167, 2347
List the prime factors of 2497262657.
2497262657
List the prime factors of 113907080.
2, 5, 7, 406811
List the prime factors of 269873518.
2, 1277, 105667
List the prime factors of 210168124.
2, 79, 665089
What are the prime factors of 1545066620?
2, 5, 77253331
List the prime factors of 2069915613.
3, 19, 23, 1578883
What are the prime factors of 1612836022?
2, 7, 115202573
List the prime factors of 193623996.
2, 3, 2753, 5861
What are the prime factors of 3024723817?
139, 4